v - 5. What is b(3)?
-11
Let i(x) = -4*x + 9. What is i(4)?
-7
Let c(u) = -3*u - 112. Calculate c(-14).
-70
Let l(t) = 16*t + 176. What is l(-12)?
-16
Let n(z) = -z**2 + 24*z + 79. Give n(25).
54
Let u(m) = -5*m**2 - 20*m - 29. What is u(-3)?
-14
Let w(h) = -h + 28. Calculate w(31).
-3
Let o(c) = -2*c**3 - 2*c**2 + 4. Give o(3).
-68
Let p(d) = 80*d - 494. What is p(6)?
-14
Let k(t) = t**3 + 22*t**2 + 19*t - 41. What is k(-21)?
1
Let t(s) = 35*s + 461. What is t(-13)?
6
Let q(c) = 3*c - 1. What is q(-6)?
-19
Let o(c) = 26*c + 19. What is o(3)?
97
Let b(h) = -191*h + 1908. Calculate b(10).
-2
Let s(p) = -p**2 + 3*p - 14. Determine s(5).
-24
Let j(f) = f**2 + 18*f - 8. Determine j(-16).
-40
Let g(j) = j**2 + 15*j + 18. What is g(-6)?
-36
Let d(o) = -3*o**2 - 34*o + 3. What is d(-10)?
43
Let h(t) = t**3 + 26*t**2 + 24*t - 31. Calculate h(-25).
-6
Let l(r) = r**3 + 3*r**2 - 2*r - 2. What is l(-4)?
-10
Let x(s) = -8*s + 11. What is x(0)?
11
Let x(i) = -3*i - 7. Determine x(-6).
11
Let a(b) = -b**3 + 8*b**2 + 6*b - 6. What is a(8)?
42
Let r(o) = o**3 + 3*o**2 + 3*o - 1. Give r(-3).
-10
Let o(d) = -d**2 + 12*d + 11. Determine o(11).
22
Let a(q) = q**2 + 7*q + 86. Determine a(0).
86
Let u(z) = z + 25. Give u(-5).
20
Let o(a) = a**3 - 10*a**2 - 11*a + 8. Give o(11).
8
Let g(d) = -d**2 + 6*d - 1. What is g(8)?
-17
Let p(m) = -m**2 + 14*m - 38. Calculate p(12).
-14
Let u(x) = -12*x + 476. Give u(37).
32
Let o(s) = -s**3 - 5*s**2 + 3*s + 8. Give o(-4).
-20
Let k(l) = -2*l + 5. Determine k(2).
1
Let c(y) = y + 38. What is c(-9)?
29
Let t(g) = -g - 13. What is t(-6)?
-7
Let b(f) = 4*f + 82. Determine b(-21).
-2
Let r(p) = p**2 - 27*p - 19. Give r(28).
9
Let x(n) = -2*n - 36. Calculate x(-22).
8
Let j(d) = 2*d - 38. Determine j(8).
-22
Let y(a) = 6*a - 1. Give y(4).
23
Let y(g) = -g. Determine y(-6).
6
Let g(c) = 7*c + 29. Give g(-3).
8
Let h(v) = v**3 - 30*v**2 + 26*v + 88. What is h(29)?
1
Let z(o) = -3*o**3 + 2*o**2 - 2*o + 3. What is z(2)?
-17
Let s(f) = -7*f - 14. Give s(-6).
28
Let w(c) = 170*c - 843. What is w(5)?
7
Let c(g) = -g**3 - 5*g**2 + 32*g - 25. Determine c(-9).
11
Let f(z) = -z**2 - 10*z + 8. Calculate f(-12).
-16
Let a(r) = -14*r + 14. Calculate a(5).
-56
Let k(z) = -2*z**3 - 33*z**2 - 13*z + 39. Determine k(-16).
-9
Let v(h) = -35*h**2 - 22*h + 2. Calculate v(-2).
-94
Let r(q) = -q**3 - 5*q**2 + 3*q - 15. Determine r(-6).
3
Let y(l) = -3*l - 3. Calculate y(3).
-12
Let p(f) = 5*f**2 + 6*f + 4. Calculate p(-4).
60
Let c(f) = -f**3 - 3*f**2 - 4*f + 3. Determine c(-4).
35
Let h(s) = s**2 + 7*s - 4. What is h(-8)?
4
Let t(v) = -v**3 - 6*v**2 - 5*v - 5. Give t(-5).
-5
Let k(r) = r**3 + 6*r**2 + 4*r + 4. Determine k(-4).
20
Let w(o) = 6*o**3 - o**2 - 2*o. What is w(-1)?
-5
Let a(u) = -u**2 - 11*u + 11. Give a(-10).
21
Let d(a) = -5*a - 3. What is d(0)?
-3
Let x(b) = -b**2 + 7. Calculate x(-2).
3
Let g(t) = -5*t - 33. Give g(4).
-53
Let g(u) = -3*u**2 - 10*u + 1. Give g(0).
1
Let s(m) = -m**2 - 8*m - 9. Determine s(-6).
3
Let f(w) = -w**3 + 9*w**2 - 4*w + 3. What is f(8)?
35
Let i(o) = 6*o**3 - 55*o**2 + 12*o - 25. Give i(9).
2
Let i(k) = 5*k + 9. Give i(-3).
-6
Let u(z) = -2*z**3 - 17*z**2 - 7*z + 5. Determine u(-8).
-3
Let q(r) = r + 34. Calculate q(-12).
22
Let c(u) = u**3 - 7*u**2 + 4*u - 8. Determine c(7).
20
Let r(s) = s**2 + s - 29. Give r(-7).
13
Let h(k) = k**3 + 14*k**2 + 7*k - 53. Give h(-13).
25
Let l(t) = t - 17. Determine l(12).
-5
Let a(y) = -y**3 - 13*y**2 - 41*y - 12. Give a(-8).
-4
Let p(j) = -j**2 + 20*j - 42. What is p(17)?
9
Let n(s) = s**3 - 16*s**2 - 33*s - 44. Calculate n(18).
10
Let t(u) = -u**2 + 24*u - 23. Determine t(23).
0
Let u(v) = -v**3 - 7*v**2 + 6*v + 10. Give u(-7).
-32
Let p(z) = -3*z**3 - 28*z**2 + 20*z - 7. Give p(-10).
-7
Let x(t) = 4*t - 4. Give x(5).
16
Let b(w) = w - 1. Determine b(-7).
-8
Let j(d) = -31*d - 22. What is j(3)?
-115
Let f(y) = 6*y + 118. Give f(-21).
-8
Let a(j) = j**2 - 16*j + 55. What is a(8)?
-9
Let z(r) = r**3 + 7*r**2 + 4*r + 1. Determine z(-7).
-27
Let v(q) = q**3 - 16*q**2 + 10*q + 62. What is v(15)?
-13
Let w(x) = 154*x - 466. Calculate w(3).
-4
Let m(a) = -a**3 + 12*a**2 - 11*a. Determine m(11).
0
Let t(u) = -u**3 + 4*u**2 - 5*u - 2. Determine t(2).
-4
Let a(t) = 3*t + 29. Determine a(-8).
5
Let f(t) = 2*t**2 + 10*t + 2. What is f(-6)?
14
Let l(z) = -z**2 + 2*z + 5. Determine l(-6).
-43
Let l(r) = r**2 - 7*r + 3. What is l(-4)?
47
Let a(z) = z**3 + 19*z**2 - 40*z + 50. Give a(-21).
8
Let z(k) = k**2 + 10*k - 8. Calculate z(-10).
-8
Let l(w) = 5*w - 1. Calculate l(-3).
-16
Let x(u) = u**2 - 33. Calculate x(0).
-33
Let n(k) = -k**2 + 14*k - 21. Give n(9).
24
Let b(c) = -4*c + 18. Calculate b(8).
-14
Let g(f) = f**3 - 7*f**2 + 11*f + 1. Calculate g(5).
6
Let j(u) = -10*u**3 - 4*u**2 + 5*u - 3. Calculate j(2).
-89
Let l(p) = -45*p - 57. Determine l(-1).
-12
Let l(o) = 34*o - 189. What is l(6)?
15
Let n(t) = 3*t + 12. Determine n(-2).
6
Let n(s) = 6*s - 1. What is n(1)?
5
Let q(i) = i**3 - 27*i**2 + 29*i - 89. Calculate q(26).
-11
Let v(c) = c - 2. Give v(-13).
-15
Let g(w) = w - 36. What is g(-4)?
-40
Let d(p) = -22*p + 49. Determine d(2).
5
Let b(f) = -f**2 + 7*f + 9. Calculate b(9).
-9
Let b(h) = 2*h**2 - 2*h - 18. Calculate b(6).
42
Let z(l) = -l**2 + 13*l - 27. Give z(5).
13
Let n(a) = -a**2 - 5*a - 5. Calculate n(-7).
-19
Let z(o) = -2*o**2 + 8*o + 14. What is z(-4)?
-50
Let p(k) = 17*k + 106. What is p(-6)?
4
Let i(f) = f**3 + 9*f**2 - 6*f - 14. Calculate i(-10).
-54
Let s(v) = -2*v**2 - 34*v - 2. Give s(-17).
-2
Let s(t) = -t**2 - 2*t - 3. Give s(0).
-3
Let s(i) = 24*i + 1. What is s(1)?
25
Let q(n) = n**2 - 2*n + 2. Give q(5).
17
Let o(u) = u**3 - 24*u**2 + 24*u - 17. Determine o(23).
6
Let n(h) = -29*h + 143. Give n(5).
-2
Let u(o) = 2*o**3 - 15*o**2 - 499*o - 17. Calculate u(20).
3
Let b(v) = 60*v**3 + 4*v**2 + v - 2. Give b(1).
63
Let x(r) = r**3 - 2*r**2 - 6*r + 7. Determine x(2).
-5
Let y(k) = -k**2 + 5*k + 4. Determine y(6).
-2
Let h(a) = -a**3 + 6*a**2 + 5*a + 15. Calculate h(7).
1
Let j(x) = -2*x**2 + 122*x - 131. Calculate j(60).
-11
Let w(p) = -2*p**3 + p**2 - 3*p - 1. Give w(0).
-1
Let x(y) = -5*y + 21. Determine x(0).
21
Let q(x) = x**2 + 27*x - 28. Calculate q(-28).
0
Let t(g) = g**3 + 2*g**2 + 6*g + 18. Calculate t(-3).
-9
Let v(h) = -h**2 + 6*h + 27. Calculate v(9).
0
Let r(a) = 4*a - 5. What is r(-7)?
-33
Let v(u) = -6*u. Determine v(2).
-12
Let y(u) = -u - 7. Give y(-6).
-1
Let w(i) = 10*i**2 - i. Determine w(-1).
11
Let s(p) = 3*p - 77. What is s(0)?
-77
Let x(a) = -a**3 + 15*a**2 - 26*a + 14. Give x(13).
14
Let m(c) = 35*c**3 + 2*c**2 + c - 2. What is m(1)?
36
Let h(p) = 2*p + 10. Calculate h(8).
26
Let i(n) = -n**2 + 9*n - 9. Determine i(8).
-1
Let c(q) = -q**3 + 15*q**2 + 11*q + 19. Give c(16).
-61
Let b(a) = a - 27. Determine b(0).
-27
Let j(x) = x**3 + 12*x**2 - 13*x. Calculate j(-13).
0
Let b(q) = -3*q**2 + 4*q - 2. Calculate b(2).
-6
Let z(x) = -5*x**2 - 9*x - 15. What is z(-4)?
-59
Let i(w) = 5*w - 5. What is i(1)?
0
Let t(c) = -36*c + 8. Calculate t(2).
-64
Let s(f) = 3*f**2 + 3. What is s(0)?
3
Let f(z) = z**2 + 8*z + 15. Give f(-11).
48
Let z(c) = c**2 - 32*c - 111. Give z(35).
-6
Let y(n) = n**3 + 4*n**2 - 5*n + 7. Give y(-5).
7
Let y(n) = -6*n - 70. What is y(-10)?
-10
Let v(a) = 6*a - 15. Determine v(6).
21
Let k(p) = -p**3 - 4*p**2 + 2*p + 1. What is k(-4)?
-7
Let u(r) = 2*r**2 - 14*r - 13. What is u(11)?
75
Let a(s) = -2*s**2 - 17*s - 4. Determine a(-10).
-34
Let z(y) = -y**3 + 3*y**2 + 4*y + 1. What is z(3)?
13
Let d(x) = 10*x - 21. Determine d(10).
79
Let h(d) = 5*d + 38. What is h(-8)?
-2
Let o(s) = 16*s - 17. Calculate o(2).
15
Let r(w) = w**3 + 4*w**2 + 6*w + 5. Give r(-2).
1
Let o(b) = -b**3 + b**2 + 12. Determine o(6).
-168
Let u(l) = -l**2 + 6*l - 8. Determine u(3).
1
Let m(n) = n**2 - n - 15. Give m(-4).
5
Let m(h) = -h**3 + 6*h**2 + 20*h - 28. Determine m(8).
4
Let n(v) = v**3 + 22*v**2 - 24*v - 29. Calculate n(-23).
-6
Let y(o) = o - 6. What is y(7)?
1
Let y(x) = x**3 + 2*x**2 - 2*x + 1. What is y(-3)?
-2
Let u(z) = z**3 + 4*z**2 - 9*z - 9. Calculate u(-6).
-27
Let n(r) = r**3 - 7*r**2 + 4*r - 4. Determine n(6).
-16
Let q(w) = -2*w + 24. Determine q(18).
-12
Let f(x) = -x**3 - 9*x**2 + 11*x + 12. Calculate f(-10).
2
Let p(s) = -s*